(j) = 111*j**2 - 47*j**2 + 4*j - 8 - 22*j**2. Let d be b(2). Calculate the highest common factor of d and 42.
42
Let u(j) = 2512*j + 4063. Let f be u(10). Calculate the highest common factor of 11 and f.
11
Let x be ((-14690)/(-678))/((-20)/(-6) + (2 - 5)). Calculate the highest common divisor of x and 546.
13
Suppose -6*d = -d - 100. Suppose -520*k + 129*k + 375360 = 0. Calculate the greatest common factor of k and d.
20
Let u(z) = 97*z**2 - 81 - 98*z**2 - 25*z + 17*z - 28*z. Let r be u(-28). Calculate the highest common divisor of 13 and r.
13
Suppose -25*k + 13*k - 60 = 0. Let s be (-1715)/(-14)*(-6)/k. What is the highest common divisor of 245 and s?
49
Suppose -5*i + 900 = x, -4*x + 7249 = -4*i + 3433. What is the highest common divisor of x and 35?
35
Let g(v) = -150*v + 1. Let f be g(-2). Let b be 39 - (7/((-35)/10) + (-9 - -7)). What is the greatest common factor of b and f?
43
Suppose 10*h = 63 + 367. Let z be (5 - 8 - -4) + h. What is the highest common factor of z and 33?
11
Let l be (-713)/(-46)*(33 + -7). Calculate the highest common divisor of l and 93.
31
Suppose 107*w + w = -96*w + 9792. Calculate the greatest common divisor of w and 3804.
12
Let c = -43625 - -43636. What is the highest common divisor of 6611 and c?
11
Suppose 0*d - 2*d - 4*f = -46, -3*d - f + 84 = 0. Suppose u = 3*c + d, u - 3*c + 41 = 2*u. Let l = 17 + -3. Calculate the greatest common divisor of l and u.
7
Let m(g) = -1011*g - 11085. Let x be m(-11). Let r(d) = 15*d - 6. Let c be r(6). What is the greatest common factor of x and c?
12
Suppose 17*w + 25*w = 17010. Let k = w - 378. Calculate the highest common divisor of 63 and k.
9
Let c be 85 + 1 - (-4 + 5/5). Let y(r) = 43*r**2 + 5*r - r**3 + 41*r**2 - c*r**2 + 10. Let t be y(-6). What is the greatest common factor of t and 40?
8
Let n be (-5 - 75/(-10))/((-3)/(-108)). Calculate the greatest common factor of n and 279.
9
Let r(p) = -65*p**3 - 9*p**2 + 50*p + 225. Let t be r(-5). Calculate the greatest common divisor of t and 315.
315
Let a be 2/5 + 3056/10. Suppose 731 + 349 = 45*i. Suppose 0 = 2*k + 3*o - 68, -i = -2*k + 4*o + 44. Calculate the greatest common factor of k and a.
34
Let j(b) = 9*b + 43. Let v be j(-4). Suppose -324 = -u - 5*p, 3*u - 972 = v*p - 10*p. Calculate the highest common divisor of 12 and u.
12
Let l(k) = -k**3 - 12*k**2 - 10*k + 14. Let t be l(-11). Let r be (44/6)/(1/t). Let j be 66/(-8)*110/(-30)*8. Calculate the greatest common divisor of r and j.
22
Let u(p) = 12*p**2 + 703*p - 126. Let k be u(-59). Calculate the highest common factor of k and 1079.
13
Suppose -33 - 7 = -8*x. Suppose 0*g - 7 = -2*r - x*g, 0 = 2*r + g - 19. Calculate the greatest common divisor of r and 253.
11
Let m be (-60)/(-2) - (7 - 5). Let l be (-11)/((-77)/m) + -1. Calculate the greatest common divisor of 1 and l.
1
Let d = -7 - -8. Suppose k + 9*c - 12*c + 1 = 0, -3*k = -3*c + 27. Let j = k - -14. Calculate the highest common factor of j and d.
1
Suppose d + 25 = 5*x, x - 25*d - 5 = -24*d. What is the highest common divisor of 110 and x?
5
Let s = 163 + -162. Suppose 0 = 2*y - 5*t - s - 9, 3*y - 3*t = 24. What is the greatest common divisor of y and 20?
10
Let h be 24*1/18 - 38/(-3). What is the greatest common factor of h and 98?
14
Let p(s) = -8*s - 38. Let n be p(-16). Let k = -741 + 746. Calculate the greatest common divisor of k and n.
5
Let q be (-2 + 1)*-13 + (-15544)/(-1943). What is the greatest common divisor of 12453 and q?
21
Let w be 53*20/16 - 2/8. Let u = w + -33. Calculate the highest common divisor of u and 44.
11
Suppose 8*y = -18 + 770. Suppose 61*l - y = 59*l. Let b = l - 20. Calculate the greatest common factor of 243 and b.
27
Let l = 355 - 352. Suppose -2*i + 34 = l*f - 77, 5*f - 185 = -3*i. What is the greatest common factor of f and 407?
37
Let s = -1583 + 1593. What is the highest common divisor of 290 and s?
10
Let q(h) = h + 15. Let o be q(-9). Let n(r) = -r**3 - 40*r**2 + 79*r - 184. Let m be n(-42). What is the greatest common factor of m and o?
2
Let s(j) = j**3 + 21*j**2 - 21*j + 20. Let y be s(-22). Let f be ((-18)/y)/3 - (7 - 19). What is the greatest common factor of f and 390?
15
Suppose 44*r = -74*r + 28910. Calculate the greatest common factor of 3577 and r.
49
Let r = -427 + 457. Calculate the highest common divisor of 8790 and r.
30
Suppose 7 = c - 5*r, -14*c + 10*c - 2*r = -28. Let a be (c - -44)/(3 - 6/4). Calculate the highest common divisor of 289 and a.
17
Suppose -87 = -4*q + 121. Suppose 21*i - 5567 = -653. What is the highest common factor of i and q?
26
Let u be (19/133)/(2/60)*-7. Let q = -27 - u. What is the highest common divisor of q and 15?
3
Let o(y) = y**3 - 4*y**2 + 4*y - 9. Let r be o(9). What is the highest common factor of r and 64?
16
Suppose -4*b + 28796 = -4*d, -b + 1789 = 3*d - 5414. Calculate the highest common divisor of b and 225.
225
Let v(t) = t**3 - 36*t**2 - 52*t + 572. Let n be v(47). What is the greatest common factor of 41 and n?
41
Suppose 130 = h + 2*q, -8*q + 9*q = 3*h - 376. Calculate the highest common divisor of h and 45.
9
Let l be ((-20)/39 - 16/104)/(1/(-30)). What is the highest common factor of 160 and l?
20
Let v(i) be the second derivative of -i**5/20 + 11*i**4/12 - 7*i**3/6 + 42*i**2 + 20*i. Let q be v(10). Calculate the highest common divisor of q and 30.
6
Let y be (-2 + 80/50)*-30. What is the greatest common divisor of 150 and y?
6
Suppose 3*q = 3*r + 330, -4*r = -3*q - 160 + 488. Suppose 0 = -2*w + 31 + 65. What is the greatest common factor of q and w?
16
Suppose 7877 + 45483 = 4*d. Calculate the highest common divisor of 87 and d.
29
Suppose 0 = 5421*c - 5415*c - 228. What is the greatest common factor of c and 12217?
19
Let z be 2*((-16803)/(-30) + (-52)/(-130)). What is the highest common divisor of 76 and z?
19
Suppose 40 = d - 129. Suppose 0 = -4*s + j + 212, -3*s + 106 + 58 = -2*j. What is the highest common divisor of d and s?
13
Let x = -42 - -74. Let n = 4984 + -4904. What is the highest common divisor of x and n?
16
Let r be ((-4)/(-3))/2 + 1312/(-24). Let v be 5/(-4) + 4/16. Let d be v/((-105)/r - 2). What is the greatest common factor of 144 and d?
18
Suppose 4*m = 1106 - 26. Suppose -82*g - 35*g - 1460 = -263*g. Calculate the greatest common factor of m and g.
10
Let n be (12/(-3) + 421)*(82/3 - 5). Calculate the greatest common divisor of n and 139.
139
Let g(i) = -16 + 24 + 5*i - 9. Let b be g(5). What is the highest common factor of 18 and b?
6
Suppose -5*i - 1641 + 401 = -4*r, 3*i = -3*r + 876. What is the greatest common factor of r and 6450?
150
Let y be (3*(-20)/(-18))/(((-160)/(-90))/16). Calculate the highest common divisor of y and 640.
10
Let b = 3232 + -3112. Calculate the highest common divisor of 75 and b.
15
Suppose -33 + 27 = -y, -k + 3*y + 2487 = 0. What is the greatest common factor of k and 150?
15
Let t = 1206 + -1200. What is the greatest common factor of 43 and t?
1
Suppose -4*m = j - 1854, 617*m - 960 = 615*m + 5*j. Calculate the greatest common divisor of m and 310.
155
Suppose -24*l + 14*l = -30. Suppose -3*m + q = 96 - 417, l*q = 4*m - 423. Calculate the greatest common factor of 378 and m.
54
Let v = -967 + 1418. Calculate the greatest common factor of 41 and v.
41
Let s be 2/4*-5*-10. Suppose -3*h + 51 = 4*l - 170, -h + 3*l + 78 = 0. Calculate the greatest common factor of h and s.
25
Suppose 0 = -q + 5*u + 78, -3*q - 19*u + 22*u + 282 = 0. What is the greatest common divisor of 5537 and q?
49
Let k(c) = 2*c**3 - 76*c**2 + 71*c + 115. Let x be k(37). What is the greatest common divisor of x and 164?
4
Let a = -14 + 5. Let r = -4 - a. Suppose -48 = -2*h + q, r*q + 24 = -0*h + h. What is the highest common divisor of h and 12?
12
Suppose -10*l = 1104 + 2396. Let c = l - -654. Suppose y + y - 4*f = 124, -c = -5*y + 4*f. What is the highest common divisor of y and 80?
20
Let a = 226 + -96. What is the greatest common factor of 260 and a?
130
Let u = -3617 + 5084. Calculate the greatest common factor of u and 45.
9
Let t = -19405 - -19822. Calculate the highest common factor of 9 and t.
3
Let k be (1/2)/((-9)/(-108)). Let g(j) = -6*j + 44. Let h be g(k). Let u(t) = -9*t + 1. Let y be u(-7). Calculate the highest common divisor of y and h.
8
Let m(a) = 2*a**2 - 31*a + 4. L